{"id":26,"date":"2020-01-15T17:51:17","date_gmt":"2020-01-15T17:51:17","guid":{"rendered":"http:\/\/wp.krist-net.de\/?page_id=26"},"modified":"2024-05-03T08:32:57","modified_gmt":"2024-05-03T08:32:57","slug":"kontakt","status":"publish","type":"page","link":"https:\/\/krist-net.de\/?page_id=26","title":{"rendered":"Kontakt"},"content":{"rendered":"\n<h4 class=\"wp-block-heading\">Nehmen Sie Kontakt auf<\/h4>\n\n\n\n<p>Bereit, mit uns zu arbeiten oder einfach nur mehr \u00fcber unsere Dienstleistungen zu erfahren? Kontaktieren Sie uns noch heute, um ein unverbindliches Beratungsgespr\u00e4ch zu vereinbaren oder Fragen zu stellen. Wir freuen uns darauf, von Ihnen zu h\u00f6ren!<\/p>\n\n\n\n<p><strong>krist-net.de<\/strong><br>K\u00e4the-Kollwitz-Allee 10<br>67067 Ludwigshafen<br>Telefon: 0621-31956685<br>Mail:\u00a0<a href=\"mailto:consulting@krist-net.de\">consulting@krist-net.de<\/a><\/p>\n\n\n\n<p><a href=\"https:\/\/krist-net.de\/?page_id=31\">Impressum<\/a><\/p>\n","protected":false},"excerpt":{"rendered":"<p>Nehmen Sie Kontakt auf Bereit, mit uns zu arbeiten oder einfach nur mehr \u00fcber unsere Dienstleistungen zu erfahren? Kontaktieren Sie uns noch heute, um ein unverbindliches Beratungsgespr\u00e4ch zu vereinbaren oder Fragen zu stellen. Wir freuen uns darauf, von Ihnen zu h\u00f6ren! krist-net.deK\u00e4the-Kollwitz-Allee 1067067 LudwigshafenTelefon: 0621-31956685Mail:\u00a0consulting@krist-net.de Impressum<\/p>\n","protected":false},"author":1,"featured_media":204,"parent":0,"menu_order":5,"comment_status":"closed","ping_status":"closed","template":"","meta":{"footnotes":""},"_links":{"self":[{"href":"https:\/\/krist-net.de\/index.php?rest_route=\/wp\/v2\/pages\/26"}],"collection":[{"href":"https:\/\/krist-net.de\/index.php?rest_route=\/wp\/v2\/pages"}],"about":[{"href":"https:\/\/krist-net.de\/index.php?rest_route=\/wp\/v2\/types\/page"}],"author":[{"embeddable":true,"href":"https:\/\/krist-net.de\/index.php?rest_route=\/wp\/v2\/users\/1"}],"replies":[{"embeddable":true,"href":"https:\/\/krist-net.de\/index.php?rest_route=%2Fwp%2Fv2%2Fcomments&post=26"}],"version-history":[{"count":3,"href":"https:\/\/krist-net.de\/index.php?rest_route=\/wp\/v2\/pages\/26\/revisions"}],"predecessor-version":[{"id":210,"href":"https:\/\/krist-net.de\/index.php?rest_route=\/wp\/v2\/pages\/26\/revisions\/210"}],"wp:featuredmedia":[{"embeddable":true,"href":"https:\/\/krist-net.de\/index.php?rest_route=\/wp\/v2\/media\/204"}],"wp:attachment":[{"href":"https:\/\/krist-net.de\/index.php?rest_route=%2Fwp%2Fv2%2Fmedia&parent=26"}],"curies":[{"name":"wp","href":"https:\/\/api.w.org\/{rel}","templated":true}]}}